{"id":806,"date":"2018-08-30T15:49:37","date_gmt":"2018-08-30T18:49:37","guid":{"rendered":"https:\/\/ifdferreyra-crr.infd.edu.ar\/sitio\/autoridades\/"},"modified":"2024-02-28T19:23:43","modified_gmt":"2024-02-28T22:23:43","slug":"autoridades","status":"publish","type":"page","link":"https:\/\/ifdferreyra-crr.infd.edu.ar\/sitio\/autoridades\/","title":{"rendered":"Autoridades"},"content":{"rendered":"<p><strong>Rectora:<\/strong><br \/>\nProf. Ver\u00f3nica S\u00e1nchez Preuss<\/p>\n<p><strong>Secretario:<\/strong><br \/>\n(Vacante)<\/p>\n<p><strong>Coordinadora de Formaci\u00f3n Docente inicial:<\/strong><br \/>\nProf. Clisio Ram\u00edrez Avalo<\/p>\n<p><strong>Coordinadora de Formaci\u00f3n Docente Continua:<\/strong><br \/>\nLic. Mariana Beatriz Oru\u00e9<\/p>\n<p><strong>Coordinadora de Pr\u00e1cticas Docentes:<\/strong><\/p>\n<p>Prof. Clara Berm\u00fadez<\/p>\n<p><strong>Coordinadora de Apoyo Pedag\u00f3gico a Escuelas:<\/strong><\/p>\n<p>Prof. Mari\u00e1ngel Segovia<\/p>\n<p><strong>Coordinadora de Investigaci\u00f3n:<\/strong><\/p>\n<p>Prof. Lucrecia Ver\u00f3nica Ruggeri<\/p>\n<p><strong>Coordinadora de Pr\u00e1cticas Profesionalizantes:<\/strong><\/p>\n<p>Prof. Bioq. Mar\u00eda Cristina Gustin<\/p>\n<p><strong>Coordinador de Carrera del Profesorado de Educaci\u00f3n Primaria:<\/strong><\/p>\n<p>Prof. Gast\u00f3n Barreiro<\/p>\n<p><strong>Coordinadora de Carrera del Profesorado de Educaci\u00f3n Secundaria en Lengua y Literatura:<\/strong><\/p>\n<p>Prof. Florencia Miguel<\/p>\n<p><strong>Coordinadora de Carrera del Profesorado de Educaci\u00f3n Secundaria en Biolog\u00eda:<\/strong><\/p>\n<p>Prof. Alicia Fern\u00e1ndez<\/p>\n<p><strong>Coordinadora de Pol\u00edticas Estudiantiles:<\/strong><\/p>\n<p>Prof. Anal\u00eda V\u00e1zquez<\/p>\n<p><strong>Coordinadora de Carrera de la Tecnicatura Superior en nfraestructura Inform\u00e1tica:<\/strong><\/p>\n<p>Prof. Lic. Carolina Quintana<\/p>\n<p><strong>Coordinador de Carrera de la Tecnicatura Superior en Desarrollo de Software:<\/strong><\/p>\n<p>Prof. Ing. Ricardo Dal Lago<\/p>\n<p><strong>Coordinador de Carrera de la Tecnicatura Superior en Enfermer\u00eda:<\/strong><\/p>\n<p>Prof. Dr. Miguel Fern\u00e1ndez<\/p>\n<p><strong>Coordinador de Carrera de la Tecnicatura Superior en Higiene y Seguridad:<\/strong><\/p>\n<p>Prof. Mario Fratti<\/p>\n<p><strong>Coordinadora de Carrera de la Tecnicatura Superior en Turismo:<\/strong><\/p>\n<p>Prof. Silvia Machuca<\/p>\n<h5 class=\"Texto_arial\"><\/h5>\n","protected":false},"excerpt":{"rendered":"<p>Rectora: Prof. Ver\u00f3nica S\u00e1nchez Preuss Secretario: (Vacante) Coordinadora de Formaci\u00f3n Docente inicial: Prof. Clisio Ram\u00edrez Avalo Coordinadora de Formaci\u00f3n Docente Continua: Lic. Mariana Beatriz Oru\u00e9 Coordinadora de Pr\u00e1cticas Docentes: Prof. Clara Berm\u00fadez Coordinadora de Apoyo Pedag\u00f3gico a Escuelas: Prof. Mari\u00e1ngel Segovia Coordinadora de Investigaci\u00f3n: Prof. Lucrecia Ver\u00f3nica Ruggeri Coordinadora de Pr\u00e1cticas Profesionalizantes: Prof. Bioq. Mar\u00eda &#8230; <a title=\"Autoridades\" class=\"read-more\" href=\"https:\/\/ifdferreyra-crr.infd.edu.ar\/sitio\/autoridades\/\" aria-label=\"More on Autoridades\">[+]<\/a><\/p>\n","protected":false},"author":474,"featured_media":0,"parent":0,"menu_order":0,"comment_status":"closed","ping_status":"closed","template":"","meta":[],"acf":[],"_links":{"self":[{"href":"https:\/\/ifdferreyra-crr.infd.edu.ar\/sitio\/wp-json\/wp\/v2\/pages\/806"}],"collection":[{"href":"https:\/\/ifdferreyra-crr.infd.edu.ar\/sitio\/wp-json\/wp\/v2\/pages"}],"about":[{"href":"https:\/\/ifdferreyra-crr.infd.edu.ar\/sitio\/wp-json\/wp\/v2\/types\/page"}],"author":[{"embeddable":true,"href":"https:\/\/ifdferreyra-crr.infd.edu.ar\/sitio\/wp-json\/wp\/v2\/users\/474"}],"replies":[{"embeddable":true,"href":"https:\/\/ifdferreyra-crr.infd.edu.ar\/sitio\/wp-json\/wp\/v2\/comments?post=806"}],"version-history":[{"count":5,"href":"https:\/\/ifdferreyra-crr.infd.edu.ar\/sitio\/wp-json\/wp\/v2\/pages\/806\/revisions"}],"predecessor-version":[{"id":1439,"href":"https:\/\/ifdferreyra-crr.infd.edu.ar\/sitio\/wp-json\/wp\/v2\/pages\/806\/revisions\/1439"}],"wp:attachment":[{"href":"https:\/\/ifdferreyra-crr.infd.edu.ar\/sitio\/wp-json\/wp\/v2\/media?parent=806"}],"curies":[{"name":"wp","href":"https:\/\/api.w.org\/{rel}","templated":true}]}}