{"id":759,"date":"2018-08-30T15:49:24","date_gmt":"2018-08-30T18:49:24","guid":{"rendered":"https:\/\/ifdferreyra-crr.infd.edu.ar\/sitio\/informacion-para-alumnos\/"},"modified":"2023-04-28T11:22:51","modified_gmt":"2023-04-28T14:22:51","slug":"informacion-para-alumnos","status":"publish","type":"page","link":"https:\/\/ifdferreyra-crr.infd.edu.ar\/sitio\/informacion-para-alumnos\/","title":{"rendered":"INSCRIPCI\u00d3N"},"content":{"rendered":"\n<p>PRE-INCRIPCION: a trav\u00e9s de <a href=\"https:\/\/simaeducativa.mec.gob.ar\/esquina\/\">SIMA Educativa (mec.gob.ar)<\/a><\/p>\n\n\n\n<p><\/p>\n\n\n\n<p>INSCRIPCION &#8211; DOCUMENTACI\u00d3N<\/p>\n\n\n\n<ol type=\"1\">\n<li>Fotocopia AUTENTICADA del T\u00edtulo Secundario o Constancia de T\u00edtulo en Tr\u00e1mite<\/li>\n\n\n\n<li>Fotocopia AUTENTICADA del D.N.I. (actualizado)<\/li>\n\n\n\n<li>Examen de Aptitud Psicof\u00edsica\u00a0-Ficha Aptitud Psicof\u00edsica-<\/li>\n\n\n\n<li>Fotocopia AUTENTICADA de&nbsp;Partida de Nacimiento<\/li>\n\n\n\n<li>Dos Fotos 4X4<\/li>\n\n\n\n<li>Certificado de Buena Conducta (Polic\u00eda de Corrientes)<\/li>\n<\/ol>\n\n\n\n<p>La &nbsp;documentaci\u00f3n fotocopiada debe ser presentada AUTENTICADA ante Escribano P\u00fablico y\/o Polic\u00eda de la Provincia.<\/p>\n\n\n\n<p>LUGAR: Bedel\u00eda ISFD Dr. J. A. Ferreira de 18:20 a 22:20<\/p>\n","protected":false},"excerpt":{"rendered":"<p>PRE-INCRIPCION: a trav\u00e9s de SIMA Educativa (mec.gob.ar) INSCRIPCION &#8211; DOCUMENTACI\u00d3N La &nbsp;documentaci\u00f3n fotocopiada debe ser presentada AUTENTICADA ante Escribano P\u00fablico y\/o Polic\u00eda de la Provincia. LUGAR: Bedel\u00eda ISFD Dr. J. A. Ferreira de 18:20 a 22:20<\/p>\n","protected":false},"author":474,"featured_media":0,"parent":0,"menu_order":0,"comment_status":"closed","ping_status":"closed","template":"","meta":[],"acf":[],"_links":{"self":[{"href":"https:\/\/ifdferreyra-crr.infd.edu.ar\/sitio\/wp-json\/wp\/v2\/pages\/759"}],"collection":[{"href":"https:\/\/ifdferreyra-crr.infd.edu.ar\/sitio\/wp-json\/wp\/v2\/pages"}],"about":[{"href":"https:\/\/ifdferreyra-crr.infd.edu.ar\/sitio\/wp-json\/wp\/v2\/types\/page"}],"author":[{"embeddable":true,"href":"https:\/\/ifdferreyra-crr.infd.edu.ar\/sitio\/wp-json\/wp\/v2\/users\/474"}],"replies":[{"embeddable":true,"href":"https:\/\/ifdferreyra-crr.infd.edu.ar\/sitio\/wp-json\/wp\/v2\/comments?post=759"}],"version-history":[{"count":2,"href":"https:\/\/ifdferreyra-crr.infd.edu.ar\/sitio\/wp-json\/wp\/v2\/pages\/759\/revisions"}],"predecessor-version":[{"id":1091,"href":"https:\/\/ifdferreyra-crr.infd.edu.ar\/sitio\/wp-json\/wp\/v2\/pages\/759\/revisions\/1091"}],"wp:attachment":[{"href":"https:\/\/ifdferreyra-crr.infd.edu.ar\/sitio\/wp-json\/wp\/v2\/media?parent=759"}],"curies":[{"name":"wp","href":"https:\/\/api.w.org\/{rel}","templated":true}]}}