{"id":1128,"date":"2023-05-02T20:07:15","date_gmt":"2023-05-02T23:07:15","guid":{"rendered":"https:\/\/ifdferreyra-crr.infd.edu.ar\/sitio\/?page_id=1128"},"modified":"2026-03-20T20:02:15","modified_gmt":"2026-03-20T23:02:15","slug":"inscripcion-a-interinatos-y-suplencias-2025","status":"publish","type":"page","link":"https:\/\/ifdferreyra-crr.infd.edu.ar\/sitio\/docentes\/inscripcion-a-interinatos-y-suplencias-2025\/","title":{"rendered":"NORMATIVAS"},"content":{"rendered":"\n<h2 class=\"wp-block-heading\"> INTERINATOS<strong> <\/strong>y SUPLENCIAS<\/h2>\n\n\n\n<p>RM N\u00b02405\/25 T\u00edtulos y Antecedentes para interinatos y suplencias para la Formaci\u00f3n Docente.   <\/p>\n\n\n\n<p><a rel=\"noreferrer noopener\" href=\"http:\/\/dgescorrientes.net\/pdf\/valoracionde-titulos-y-antecedentes\/r-2405-25.pdf\" data-type=\"URL\" data-id=\"http:\/\/dgescorrientes.net\/pdf\/valoracionde-titulos-y-antecedentes\/r-2405-25.pdf\" target=\"_blank\">http:\/\/dgescorrientes.net\/pdf\/valoracionde-titulos-y-antecedentes\/r-2405-25.pdf<\/a><\/p>\n\n\n\n<p>Perfiles Titulaci\u00f3n Formaci\u00f3n docente<\/p>\n\n\n\n<p> <a href=\"http:\/\/dgescorrientes.net\/pdf\/valoracionde-titulos-y-antecedentes\/disp-685-bis-perfiles-docentes.pdf\" data-type=\"URL\" data-id=\"http:\/\/dgescorrientes.net\/pdf\/valoracionde-titulos-y-antecedentes\/disp-685-bis-perfiles-docentes.pdf\" target=\"_blank\" rel=\"noreferrer noopener\">http:\/\/dgescorrientes.net\/pdf\/valoracionde-titulos-y-antecedentes\/disp-685-bis-perfiles-docentes.pdf<\/a><\/p>\n\n\n\n<p><\/p>\n\n\n\n<p>Valoraci\u00f3n Carreras T\u00e9cnicas. Resoluci\u00f3n 4539\/22 <\/p>\n\n\n\n<p><a href=\"http:\/\/dgescorrientes.net\/pdf\/valoracionde-titulos-y-antecedentes\/res-4539-22-valoracion-tecnica.pdf\" data-type=\"URL\" data-id=\"http:\/\/dgescorrientes.net\/pdf\/valoracionde-titulos-y-antecedentes\/res-4539-22-valoracion-tecnica.pdf\" target=\"_blank\" rel=\"noreferrer noopener\">http:\/\/dgescorrientes.net\/pdf\/valoracionde-titulos-y-antecedentes\/res-4539-22-valoracion-tecnica.pdf<\/a><\/p>\n\n\n\n<p><\/p>\n\n\n\n<h2 class=\"wp-block-heading\"><\/h2>\n\n\n\n<p><\/p>\n\n\n\n<p><\/p>\n\n\n\n<p><\/p>\n","protected":false},"excerpt":{"rendered":"<p>INTERINATOS y SUPLENCIAS RM N\u00b02405\/25 T\u00edtulos y Antecedentes para interinatos y suplencias para la Formaci\u00f3n Docente. http:\/\/dgescorrientes.net\/pdf\/valoracionde-titulos-y-antecedentes\/r-2405-25.pdf Perfiles Titulaci\u00f3n Formaci\u00f3n docente http:\/\/dgescorrientes.net\/pdf\/valoracionde-titulos-y-antecedentes\/disp-685-bis-perfiles-docentes.pdf Valoraci\u00f3n Carreras T\u00e9cnicas. Resoluci\u00f3n 4539\/22 http:\/\/dgescorrientes.net\/pdf\/valoracionde-titulos-y-antecedentes\/res-4539-22-valoracion-tecnica.pdf<\/p>\n","protected":false},"author":1,"featured_media":0,"parent":798,"menu_order":0,"comment_status":"closed","ping_status":"closed","template":"","meta":[],"acf":[],"_links":{"self":[{"href":"https:\/\/ifdferreyra-crr.infd.edu.ar\/sitio\/wp-json\/wp\/v2\/pages\/1128"}],"collection":[{"href":"https:\/\/ifdferreyra-crr.infd.edu.ar\/sitio\/wp-json\/wp\/v2\/pages"}],"about":[{"href":"https:\/\/ifdferreyra-crr.infd.edu.ar\/sitio\/wp-json\/wp\/v2\/types\/page"}],"author":[{"embeddable":true,"href":"https:\/\/ifdferreyra-crr.infd.edu.ar\/sitio\/wp-json\/wp\/v2\/users\/1"}],"replies":[{"embeddable":true,"href":"https:\/\/ifdferreyra-crr.infd.edu.ar\/sitio\/wp-json\/wp\/v2\/comments?post=1128"}],"version-history":[{"count":4,"href":"https:\/\/ifdferreyra-crr.infd.edu.ar\/sitio\/wp-json\/wp\/v2\/pages\/1128\/revisions"}],"predecessor-version":[{"id":2037,"href":"https:\/\/ifdferreyra-crr.infd.edu.ar\/sitio\/wp-json\/wp\/v2\/pages\/1128\/revisions\/2037"}],"up":[{"embeddable":true,"href":"https:\/\/ifdferreyra-crr.infd.edu.ar\/sitio\/wp-json\/wp\/v2\/pages\/798"}],"wp:attachment":[{"href":"https:\/\/ifdferreyra-crr.infd.edu.ar\/sitio\/wp-json\/wp\/v2\/media?parent=1128"}],"curies":[{"name":"wp","href":"https:\/\/api.w.org\/{rel}","templated":true}]}}

<h2 class="wp-block-heading"> INTERINATOS<strong> </strong>y SUPLENCIAS</h2>



<p>RM N°2405/25 Títulos y Antecedentes para interinatos y suplencias para la Formación Docente.   </p>



<p><a rel="noreferrer noopener" href="http://dgescorrientes.net/pdf/valoracionde-titulos-y-antecedentes/r-2405-25.pdf" data-type="URL" data-id="http://dgescorrientes.net/pdf/valoracionde-titulos-y-antecedentes/r-2405-25.pdf" target="_blank">http://dgescorrientes.net/pdf/valoracionde-titulos-y-antecedentes/r-2405-25.pdf</a></p>



<p>Perfiles Titulación Formación docente</p>



<p> <a href="http://dgescorrientes.net/pdf/valoracionde-titulos-y-antecedentes/disp-685-bis-perfiles-docentes.pdf" data-type="URL" data-id="http://dgescorrientes.net/pdf/valoracionde-titulos-y-antecedentes/disp-685-bis-perfiles-docentes.pdf" target="_blank" rel="noreferrer noopener">http://dgescorrientes.net/pdf/valoracionde-titulos-y-antecedentes/disp-685-bis-perfiles-docentes.pdf</a></p>



<p></p>



<p>Valoración Carreras Técnicas. Resolución 4539/22 </p>



<p><a href="http://dgescorrientes.net/pdf/valoracionde-titulos-y-antecedentes/res-4539-22-valoracion-tecnica.pdf" data-type="URL" data-id="http://dgescorrientes.net/pdf/valoracionde-titulos-y-antecedentes/res-4539-22-valoracion-tecnica.pdf" target="_blank" rel="noreferrer noopener">http://dgescorrientes.net/pdf/valoracionde-titulos-y-antecedentes/res-4539-22-valoracion-tecnica.pdf</a></p>



<p></p>



<h2 class="wp-block-heading"></h2>



<p></p>



<p></p>



<p></p>

<p>INTERINATOS y SUPLENCIAS RM N°2405/25 Títulos y Antecedentes para interinatos y suplencias para la Formación Docente. http://dgescorrientes.net/pdf/valoracionde-titulos-y-antecedentes/r-2405-25.pdf Perfiles Titulación Formación docente http://dgescorrientes.net/pdf/valoracionde-titulos-y-antecedentes/disp-685-bis-perfiles-docentes.pdf Valoración Carreras Técnicas. Resolución 4539/22 http://dgescorrientes.net/pdf/valoracionde-titulos-y-antecedentes/res-4539-22-valoracion-tecnica.pdf</p>
